{"id":76,"date":"2021-09-15T01:42:09","date_gmt":"2021-09-14T23:42:09","guid":{"rendered":"https:\/\/saludrespiratoria.ugr.es\/altius-sn\/?page_id=76"},"modified":"2025-02-07T12:18:29","modified_gmt":"2025-02-07T10:18:29","slug":"nuestro-proyecto","status":"publish","type":"page","link":"https:\/\/saludrespiratoria.ugr.es\/altius-sn\/","title":{"rendered":"Nuestro Proyecto"},"content":{"rendered":"\n<div class=\"alignfull wp-block-ugb-header ugb-header ugb-1102bcb ugb-header ugb-header--v3 ugb-header--design-plain ugb-main-block ugb-main-block--inner-full ugb--has-block-background ugb--has-background-overlay\"><style>.ugb-1102bcb .ugb-header__title{font-size:60px !important;color:#ffffff}.ugb-1102bcb .ugb-header__subtitle{font-size:18px !important;color:#ffffff}.ugb-1102bcb .ugb-button1 .ugb-button--inner{font-family:\"IBM Plex Sans\",Sans-serif !important;font-size:18px !important}.ugb-1102bcb .ugb-button1{background-color:#9b51e0;border-radius:0px !important}.ugb-1102bcb .ugb-button1 .ugb-button--inner,.ugb-1102bcb .ugb-button1 svg:not(.ugb-custom-icon){color:#ffffff !important}.ugb-1102bcb .ugb-button1:before{border-radius:0px !important}.ugb-1102bcb.ugb-header{min-height:100vh;background-color:#000000;background-image:url(https:\/\/saludrespiratoria.ugr.es\/altius-sn\/wp-content\/uploads\/2021\/09\/sierranevadaN.jpg);background-position:bottom center}.ugb-1102bcb.ugb-header:before{background-color:#000000;opacity:0}@media screen and (max-width:1025px){.ugb-1102bcb .ugb-header__title{font-size:35px !important}.ugb-1102bcb.ugb-header{min-height:60vh}}@media screen and (-ms-high-contrast:active),screen and (-ms-high-contrast:none){.ugb-1102bcb.ugb-header{height:100vh}}<\/style><div class=\"ugb-inner-block ugb-inner-block--full\"><div class=\"ugb-block-content\"><div class=\"ugb-header__item\"><div class=\"ugb-content-wrapper\"><h1 class=\"ugb-header__title\">Proyecto Altius-SN<\/h1><p class=\"ugb-header__subtitle\">Colaboraci\u00f3n entre la Universidad de Granada y Cetursa Sierra Nevada S.A.<\/p><div class=\"ugb-header__buttons\"><div class=\"ugb-button-container\"><a class=\"ugb-button1 ugb-button ugb-button--size-normal\" href=\"#proyecto\" rel=\"\" title=\"\"><span class=\"ugb-button--inner\">El proyecto<\/span><\/a><\/div><\/div><\/div><\/div><\/div><\/div><\/div>\n\n\n\n<div class=\"wp-block-ugb-container ugb-container ugb-36a6eb8 ugb-container--v2 ugb-container--design-basic ugb-main-block\" id=\"proyecto\"><div class=\"ugb-inner-block\"><div class=\"ugb-block-content\"><div class=\"ugb-container__wrapper ugb-36a6eb8-wrapper\"><div class=\"ugb-container__side\"><div class=\"ugb-container__content-wrapper ugb-36a6eb8-content-wrapper\">\n<h2 class=\"has-text-align-center\" style=\"font-size:38px;line-height:1.4\"><strong>ESTUDIO DE LA REPERCUSIONES EN LA SALUD DE LA ACTIVIDAD LABORAL EN ALTURA<\/strong><\/h2>\n<blockquote class=\"wp-block-quote is-style-default\"><p>El <strong>prop\u00f3sito<\/strong> de este estudio consiste en investigar las repercusiones que tiene en la salud de un conjunto de trabajadores el desarrollar una actividad laboral en altura, en funci\u00f3n del tiempo trabajado, las condiciones ambientales, el tipo de actividad desarrollada y las caracter\u00edsticas individuales.<\/p><\/blockquote>\n<p style=\"font-size:18px\">Existen evidencias que permanecer, trabajar, vivir o pasar largas temporadas en altura da lugar a una serie de cambios fisiol\u00f3gicos y\/o fisiopatol\u00f3gicos adaptativos en respuesta a la situaci\u00f3n de hipoxia hipob\u00e1rica. Dichos cambios dependen del tiempo de permanencia en altura, de la intensidad de la actividad que se desarrolle y de las caracter\u00edsticas individuales.  <\/p>\n<p style=\"font-size:18px\">En este estudio se van a recopilar datos cl\u00ednicos, de exploraci\u00f3n funcional respiratoria, de exploraciones radiol\u00f3gicas, ecograf\u00edas, anal\u00edticas y de actividad f\u00edsica, que nos servir\u00e1n para determinar si existe una relaci\u00f3n entre la actividad laboral desarrollada en condiciones de hipoxia hipob\u00e1rica y la salud de los trabajadores.<\/p>\n<p style=\"font-size:18px\">Una parte importante de este estudio consiste en la monitorizaci\u00f3n continua de las respuestas fisiol\u00f3gicas adaptativas al esfuerzo en condiciones de hipoxia hipob\u00e1rica mediante dispositivos (<em>wearables: <\/em>pulseras o anillos), que registran de manera continua estos par\u00e1metros durante largos periodos de tiempo. <\/p>\n<h2> Desarrollo <\/h2>\n<p style=\"font-size:18px\">Para llevar a cabo el estudio de las repercusiones que tiene en la salud la actividad laboral en altura, se ha llevado a cabo una primera fase en la que han participado una cohorte de trabajadores de <b> CETURSA Sierra Nevada S.A<\/b>, Este grupo de trabajadores desarrollan su actividad laboral con diferentes grados de intensidad, con la particularidad de que lo hacen siempre por encima de los 2000 o 2500 metros de altitud. <\/p>\n<p style=\"font-size:18px\">En una segunda fase, es importante completar la informaci\u00f3n realizando exactamente las mismas exploraciones y recabando el mismo tipo de informaci\u00f3n en un grupo o cohorte \u201ccontrol\u201d, compuesta por trabajadores de similares caracter\u00edsticas individuales, tipo e intensidad de la actividad laboral, sin que intervenga el factor relacionado con la altitud. Por este motivo, desde el equipo de trabajo ALTIUS-SN nos hemos puesto en contacto con directivos de la empresa <b> COVIRAN<\/b> para proponerles ofertar a sus trabajadores la posibilidad de participar en este estudio como grupo control. \n<\/p>\n<p style=\"font-size:18px\">El objetivo es comparar los resultados que se obtienen en ambas cohortes (trabajadores en altura -CETURSA- y trabajadores en Granada -COVIRAN-), para determinar m\u00e1s concretamente la influencia del factor altitud en la salud. \n<\/p>\n<div class=\"wp-block-ugb-text ugb-text ugb-1a9c0aa ugb-text--design-plain ugb-text--columns-1 ugb-main-block\"><style>.ugb-1a9c0aa .ugb-text__text p{font-size:18px !important;color:var(--ast-global-color-0);text-align:center}<\/style><div class=\"ugb-inner-block\"><div class=\"ugb-block-content\"><div class=\"ugb-text__text-wrapper\"><div class=\"ugb-text__text\"><p class=\"ugb-text__text-1\">El estudio ha sido aprobado por el Comit\u00e9 de \u00c9tica e Investigaci\u00f3n de la Universidad de Granada y el Comit\u00e9 de \u00c9tica de la Investigaci\u00f3n Biom\u00e9dica de Granada en Julio de 2021<\/p><\/div><\/div><\/div><\/div><\/div>\n<p><\/p>\n<\/div><\/div><\/div><\/div><\/div><\/div>\n\n\n\n<p class=\"wp-block-paragraph\"><\/p>\n","protected":false},"excerpt":{"rendered":"<p>Proyecto Altius-SN Colaboraci\u00f3n entre la Universidad de Granada y Cetursa Sierra Nevada S.A. El proyecto ESTUDIO DE LA REPERCUSIONES EN LA SALUD DE LA ACTIVIDAD LABORAL EN ALTURA El prop\u00f3sito de este estudio consiste en investigar las repercusiones que tiene en la salud de un conjunto de trabajadores el desarrollar una actividad laboral en altura, &hellip;<\/p>\n<p class=\"read-more\"> <a class=\"\" href=\"https:\/\/saludrespiratoria.ugr.es\/altius-sn\/\"> <span class=\"screen-reader-text\">Nuestro Proyecto<\/span> Leer m\u00e1s &raquo;<\/a><\/p>\n","protected":false},"author":1,"featured_media":0,"parent":0,"menu_order":0,"comment_status":"closed","ping_status":"closed","template":"","meta":{"_monsterinsights_skip_tracking":false,"_monsterinsights_sitenote_active":false,"_monsterinsights_sitenote_note":"","_monsterinsights_sitenote_category":0,"footnotes":""},"folder":[],"class_list":["post-76","page","type-page","status-publish","hentry"],"featured_image_urls":{"full":""},"post_excerpt_stackable":"<p>Proyecto Altius-SNColaboraci\u00f3n entre la Universidad de Granada y Cetursa Sierra Nevada S.A.El proyecto ESTUDIO DE LA REPERCUSIONES EN LA SALUD DE LA ACTIVIDAD LABORAL EN ALTURA El prop\u00f3sito de este estudio consiste en investigar las repercusiones que tiene en la salud de un conjunto de trabajadores el desarrollar una actividad laboral en altura, en funci\u00f3n del tiempo trabajado, las condiciones ambientales, el tipo de actividad desarrollada y las caracter\u00edsticas individuales. Existen evidencias que permanecer, trabajar, vivir o pasar largas temporadas en altura da lugar a una serie de cambios fisiol\u00f3gicos y\/o fisiopatol\u00f3gicos adaptativos en respuesta a la situaci\u00f3n de hipoxia&hellip;<\/p>\n","category_list":"","author_info":{"name":"wpadmin","url":"https:\/\/saludrespiratoria.ugr.es\/altius-sn\/author\/wpadmin\/"},"comments_num":"0 comentarios","featured_image_urls_v2":{"full":"","thumbnail":"","medium":"","medium_large":"","large":"","1536x1536":"","2048x2048":""},"post_excerpt_stackable_v2":"<p>Proyecto Altius-SNColaboraci\u00f3n entre la Universidad de Granada y Cetursa Sierra Nevada S.A.El proyecto ESTUDIO DE LA REPERCUSIONES EN LA SALUD DE LA ACTIVIDAD LABORAL EN ALTURA El prop\u00f3sito de este estudio consiste en investigar las repercusiones que tiene en la salud de un conjunto de trabajadores el desarrollar una actividad laboral en altura, en funci\u00f3n del tiempo trabajado, las condiciones ambientales, el tipo de actividad desarrollada y las caracter\u00edsticas individuales. Existen evidencias que permanecer, trabajar, vivir o pasar largas temporadas en altura da lugar a una serie de cambios fisiol\u00f3gicos y\/o fisiopatol\u00f3gicos adaptativos en respuesta a la situaci\u00f3n de hipoxia&hellip;<\/p>\n","category_list_v2":"","author_info_v2":{"name":"wpadmin","url":"https:\/\/saludrespiratoria.ugr.es\/altius-sn\/author\/wpadmin\/"},"comments_num_v2":"0 comentarios","uagb_featured_image_src":{"full":false,"thumbnail":false,"medium":false,"medium_large":false,"large":false,"1536x1536":false,"2048x2048":false},"uagb_author_info":{"display_name":"wpadmin","author_link":"https:\/\/saludrespiratoria.ugr.es\/altius-sn\/author\/wpadmin\/"},"uagb_comment_info":0,"uagb_excerpt":"Proyecto Altius-SN Colaboraci\u00f3n entre la Universidad de Granada y Cetursa Sierra Nevada S.A. El proyecto ESTUDIO DE LA REPERCUSIONES EN LA SALUD DE LA ACTIVIDAD LABORAL EN ALTURA El prop\u00f3sito de este estudio consiste en investigar las repercusiones que tiene en la salud de un conjunto de trabajadores el desarrollar una actividad laboral en altura,&hellip;","_links":{"self":[{"href":"https:\/\/saludrespiratoria.ugr.es\/altius-sn\/wp-json\/wp\/v2\/pages\/76","targetHints":{"allow":["GET"]}}],"collection":[{"href":"https:\/\/saludrespiratoria.ugr.es\/altius-sn\/wp-json\/wp\/v2\/pages"}],"about":[{"href":"https:\/\/saludrespiratoria.ugr.es\/altius-sn\/wp-json\/wp\/v2\/types\/page"}],"author":[{"embeddable":true,"href":"https:\/\/saludrespiratoria.ugr.es\/altius-sn\/wp-json\/wp\/v2\/users\/1"}],"replies":[{"embeddable":true,"href":"https:\/\/saludrespiratoria.ugr.es\/altius-sn\/wp-json\/wp\/v2\/comments?post=76"}],"version-history":[{"count":30,"href":"https:\/\/saludrespiratoria.ugr.es\/altius-sn\/wp-json\/wp\/v2\/pages\/76\/revisions"}],"predecessor-version":[{"id":645,"href":"https:\/\/saludrespiratoria.ugr.es\/altius-sn\/wp-json\/wp\/v2\/pages\/76\/revisions\/645"}],"wp:attachment":[{"href":"https:\/\/saludrespiratoria.ugr.es\/altius-sn\/wp-json\/wp\/v2\/media?parent=76"}],"wp:term":[{"taxonomy":"folder","embeddable":true,"href":"https:\/\/saludrespiratoria.ugr.es\/altius-sn\/wp-json\/wp\/v2\/folder?post=76"}],"curies":[{"name":"wp","href":"https:\/\/api.w.org\/{rel}","templated":true}]}}

<div class="alignfull wp-block-ugb-header ugb-header ugb-1102bcb ugb-header ugb-header--v3 ugb-header--design-plain ugb-main-block ugb-main-block--inner-full ugb--has-block-background ugb--has-background-overlay"><style>.ugb-1102bcb .ugb-header__title{font-size:60px !important;color:#ffffff}.ugb-1102bcb .ugb-header__subtitle{font-size:18px !important;color:#ffffff}.ugb-1102bcb .ugb-button1 .ugb-button--inner{font-family:"IBM Plex Sans",Sans-serif !important;font-size:18px !important}.ugb-1102bcb .ugb-button1{background-color:#9b51e0;border-radius:0px !important}.ugb-1102bcb .ugb-button1 .ugb-button--inner,.ugb-1102bcb .ugb-button1 svg:not(.ugb-custom-icon){color:#ffffff !important}.ugb-1102bcb .ugb-button1:before{border-radius:0px !important}.ugb-1102bcb.ugb-header{min-height:100vh;background-color:#000000;background-image:url(https://saludrespiratoria.ugr.es/altius-sn/wp-content/uploads/2021/09/sierranevadaN.jpg);background-position:bottom center}.ugb-1102bcb.ugb-header:before{background-color:#000000;opacity:0}@media screen and (max-width:1025px){.ugb-1102bcb .ugb-header__title{font-size:35px !important}.ugb-1102bcb.ugb-header{min-height:60vh}}@media screen and (-ms-high-contrast:active),screen and (-ms-high-contrast:none){.ugb-1102bcb.ugb-header{height:100vh}}</style><div class="ugb-inner-block ugb-inner-block--full"><div class="ugb-block-content"><div class="ugb-header__item"><div class="ugb-content-wrapper"><h1 class="ugb-header__title">Proyecto Altius-SN</h1><p class="ugb-header__subtitle">Colaboración entre la Universidad de Granada y Cetursa Sierra Nevada S.A.</p><div class="ugb-header__buttons"><div class="ugb-button-container"><a class="ugb-button1 ugb-button ugb-button--size-normal" href="#proyecto" rel="" title=""><span class="ugb-button--inner">El proyecto</span></a></div></div></div></div></div></div></div>



<div class="wp-block-ugb-container ugb-container ugb-36a6eb8 ugb-container--v2 ugb-container--design-basic ugb-main-block" id="proyecto"><div class="ugb-inner-block"><div class="ugb-block-content"><div class="ugb-container__wrapper ugb-36a6eb8-wrapper"><div class="ugb-container__side"><div class="ugb-container__content-wrapper ugb-36a6eb8-content-wrapper">
<h2 class="has-text-align-center" style="font-size:38px;line-height:1.4"><strong>ESTUDIO DE LA REPERCUSIONES EN LA SALUD DE LA ACTIVIDAD LABORAL EN ALTURA</strong></h2>
<blockquote class="wp-block-quote is-style-default"><p>El <strong>propósito</strong> de este estudio consiste en investigar las repercusiones que tiene en la salud de un conjunto de trabajadores el desarrollar una actividad laboral en altura, en función del tiempo trabajado, las condiciones ambientales, el tipo de actividad desarrollada y las características individuales.</p></blockquote>
<p style="font-size:18px">Existen evidencias que permanecer, trabajar, vivir o pasar largas temporadas en altura da lugar a una serie de cambios fisiológicos y/o fisiopatológicos adaptativos en respuesta a la situación de hipoxia hipobárica. Dichos cambios dependen del tiempo de permanencia en altura, de la intensidad de la actividad que se desarrolle y de las características individuales.  </p>
<p style="font-size:18px">En este estudio se van a recopilar datos clínicos, de exploración funcional respiratoria, de exploraciones radiológicas, ecografías, analíticas y de actividad física, que nos servirán para determinar si existe una relación entre la actividad laboral desarrollada en condiciones de hipoxia hipobárica y la salud de los trabajadores.</p>
<p style="font-size:18px">Una parte importante de este estudio consiste en la monitorización continua de las respuestas fisiológicas adaptativas al esfuerzo en condiciones de hipoxia hipobárica mediante dispositivos (<em>wearables: </em>pulseras o anillos), que registran de manera continua estos parámetros durante largos periodos de tiempo. </p>
<h2> Desarrollo </h2>
<p style="font-size:18px">Para llevar a cabo el estudio de las repercusiones que tiene en la salud la actividad laboral en altura, se ha llevado a cabo una primera fase en la que han participado una cohorte de trabajadores de <b> CETURSA Sierra Nevada S.A</b>, Este grupo de trabajadores desarrollan su actividad laboral con diferentes grados de intensidad, con la particularidad de que lo hacen siempre por encima de los 2000 o 2500 metros de altitud. </p>
<p style="font-size:18px">En una segunda fase, es importante completar la información realizando exactamente las mismas exploraciones y recabando el mismo tipo de información en un grupo o cohorte “control”, compuesta por trabajadores de similares características individuales, tipo e intensidad de la actividad laboral, sin que intervenga el factor relacionado con la altitud. Por este motivo, desde el equipo de trabajo ALTIUS-SN nos hemos puesto en contacto con directivos de la empresa <b> COVIRAN</b> para proponerles ofertar a sus trabajadores la posibilidad de participar en este estudio como grupo control. 
</p>
<p style="font-size:18px">El objetivo es comparar los resultados que se obtienen en ambas cohortes (trabajadores en altura -CETURSA- y trabajadores en Granada -COVIRAN-), para determinar más concretamente la influencia del factor altitud en la salud. 
</p>
<div class="wp-block-ugb-text ugb-text ugb-1a9c0aa ugb-text--design-plain ugb-text--columns-1 ugb-main-block"><style>.ugb-1a9c0aa .ugb-text__text p{font-size:18px !important;color:var(--ast-global-color-0);text-align:center}</style><div class="ugb-inner-block"><div class="ugb-block-content"><div class="ugb-text__text-wrapper"><div class="ugb-text__text"><p class="ugb-text__text-1">El estudio ha sido aprobado por el Comité de Ética e Investigación de la Universidad de Granada y el Comité de Ética de la Investigación Biomédica de Granada en Julio de 2021</p></div></div></div></div></div>
<p></p>
</div></div></div></div></div></div>



<p class="wp-block-paragraph"></p>

<p>Proyecto Altius-SN Colaboración entre la Universidad de Granada y Cetursa Sierra Nevada S.A. El proyecto ESTUDIO DE LA REPERCUSIONES EN LA SALUD DE LA ACTIVIDAD LABORAL EN ALTURA El propósito de este estudio consiste en investigar las repercusiones que tiene en la salud de un conjunto de trabajadores el desarrollar una actividad laboral en altura, &hellip;</p>
<p class="read-more"> <a class="" href="https://saludrespiratoria.ugr.es/altius-sn/"> <span class="screen-reader-text">Nuestro Proyecto</span> Leer más &raquo;</a></p>

<p>Proyecto Altius-SNColaboración entre la Universidad de Granada y Cetursa Sierra Nevada S.A.El proyecto ESTUDIO DE LA REPERCUSIONES EN LA SALUD DE LA ACTIVIDAD LABORAL EN ALTURA El propósito de este estudio consiste en investigar las repercusiones que tiene en la salud de un conjunto de trabajadores el desarrollar una actividad laboral en altura, en función del tiempo trabajado, las condiciones ambientales, el tipo de actividad desarrollada y las características individuales. Existen evidencias que permanecer, trabajar, vivir o pasar largas temporadas en altura da lugar a una serie de cambios fisiológicos y/o fisiopatológicos adaptativos en respuesta a la situación de hipoxia&hellip;</p>

Proyecto Altius-SN Colaboración entre la Universidad de Granada y Cetursa Sierra Nevada S.A. El proyecto ESTUDIO DE LA REPERCUSIONES EN LA SALUD DE LA ACTIVIDAD LABORAL EN ALTURA El propósito de este estudio consiste en investigar las repercusiones que tiene en la salud de un conjunto de trabajadores el desarrollar una actividad laboral en altura,&hellip;
